{"id":749,"date":"2022-08-10T12:18:54","date_gmt":"2022-08-10T09:18:54","guid":{"rendered":"https:\/\/sunset.com.tr\/?page_id=749"},"modified":"2022-08-15T14:48:40","modified_gmt":"2022-08-15T11:48:40","slug":"sunosmos","status":"publish","type":"page","link":"https:\/\/sunset.com.tr\/?page_id=749","title":{"rendered":"SunOsmos"},"content":{"rendered":"\n<p style=\"font-size:19px\"><strong>Reverse Osmosis Otomasyonu<\/strong><\/p>\n\n\n\n<p><strong>Reverse Osmosis K\u0131saca RO yani Ters ozmoz i\u015flemi demektir. <\/strong>Prensip olarak yar\u0131 ge\u00e7irgen membran kullan\u0131larak suda \u00e7\u00f6z\u00fcnm\u00fc\u015f maddelerin ar\u0131t\u0131lmas\u0131 i\u015flemidir.<\/p>\n\n\n\n<p>Bu sistemde y\u00fcksek bas\u0131n\u00e7 uygulanan su, membranlara&nbsp;do\u011fru itilir. Membranlara do\u011fru itilen ham suyun bir k\u0131sm\u0131 ,y\u00fcksek bas\u0131nc\u0131n etkisiyle yar\u0131 ge\u00e7irgen membran\u0131n kar\u015f\u0131 taraf\u0131na ge\u00e7erken ,besleme taraf\u0131nda kalan konsantre su membran y\u00fczeyini s\u00fcp\u00fcrerek drenaja at\u0131l\u0131r. Elde edilen ar\u0131t\u0131lm\u0131\u015f suyun oran\u0131 suyun tuzluluk oran\u0131na g\u00f6re de\u011fi\u015fir. Bu oran kuyu sular\u0131nda %70 lere ula\u015f\u0131rken Denizsuyu i\u00e7in %40 civar\u0131ndad\u0131r. RO \u00d6zellikle distilasyon ve deiyonizasyona alternatif olarak, klasik ar\u0131tma sistemlerinin yetersiz kald\u0131\u011f\u0131 sularda (deniz suyu, tuzluluk oran\u0131 y\u00fcksek kuyu sular\u0131nda), suyun i\u00e7indeki minerallerin %90-99.8 oran\u0131nda giderilmesini sa\u011flar.<\/p>\n\n\n\n<p><strong>Sistem \u00d6zellikleri:<\/strong><\/p>\n\n\n\n<ul class=\"wp-block-list\"><li>Sistem Siemens S7-200 PLC ve WinCC Flexible Scada Program\u0131m\u0131z\u0131n kontrolu ile tam otomatik olarak \u00e7al\u0131\u015ft\u0131\u0131r\u0131lmaktad\u0131r.<\/li><li>Hamsu ve temiz su depolar\u0131ndaki seviye kontrolu ile pompalar\u0131n otomatik olarak besleme yapmas\u0131 sa\u011flanmaktad\u0131r.<\/li><li>Ultrafiltre\u2019nin operat\u00f6r taraf\u0131ndan belirlenen zaman ayarlamas\u0131 ile s\u0131rayla y\u0131kanmas\u0131 yap\u0131lmakta ve bu i\u015flem boyunca tesisin durmas\u0131na gerek kalmamaktad\u0131r.<\/li><li>Sistemdeki t\u00fcm motorlar i\u00e7in \u00e7al\u0131\u015fma ve durma s\u0131ralar\u0131, ba\u015flang\u0131\u00e7 gecikme zaman ayarlar\u0131 bilgisayar \u00fczerinden kolayl\u0131kla yap\u0131lmaktad\u0131r.<\/li><li>H\u0131z kontrollu geri d\u00f6n\u00fc\u015f pompas\u0131 i\u00e7in frekans de\u011ferleri PID algoritmas\u0131 ile otomatik olarak hesaplanmakta ve giri\u015f \u00e7\u0131k\u0131\u015f bas\u0131n\u00e7lar\u0131 dengelenmektedir.<\/li><li>Sisteme ait Bas\u0131n\u00e7, S\u0131cakl\u0131k, pH, ORP, \u0130letkenlik, TDS, Ak\u0131\u015f de\u011ferleri bilgisayar \u00fczerinden izlenmekte ve raporlanabilmektedir.<\/li><li>Kimyasal Dozaj pompalar\u0131n\u0131n otomatik olarak \u00e7al\u0131\u015ft\u0131r\u0131l\u0131p durmas\u0131 operat\u00f6r\u00fcn zaman ayarlar\u0131 ile m\u00fcmk\u00fcn olmaktad\u0131r.<\/li><li>Membranlar\u0131n Y\u0131kama zamanlar\u0131 i\u00e7in uyar\u0131 verilmesi, son y\u0131kama tarihinin ve bir sonraki y\u0131kama s\u00fcresinin bilgisayar \u00fczerinden takibi m\u00fcmk\u00fcnd\u00fcr.<\/li><li>Opsiyonel olarak Kablosuz veya ProfiNET \u00fczerinden uzaktan izlenebilme \u00f6zellikleri bulunmaktad\u0131r.<\/li><\/ul>\n\n\n\n<div class=\"wp-block-columns is-layout-flex wp-container-core-columns-is-layout-9d6595d7 wp-block-columns-is-layout-flex\">\n<div class=\"wp-block-column is-layout-flow wp-block-column-is-layout-flow\"><\/div>\n<\/div>\n","protected":false},"excerpt":{"rendered":"<p>Reverse Osmosis Otomasyonu Reverse Osmosis K\u0131saca RO yani Ters ozmoz i\u015flemi demektir. Prensip olarak yar\u0131 ge\u00e7irgen membran kullan\u0131larak suda \u00e7\u00f6z\u00fcnm\u00fc\u015f maddelerin ar\u0131t\u0131lmas\u0131 i\u015flemidir. Bu sistemde y\u00fcksek bas\u0131n\u00e7 uygulanan su, membranlara&nbsp;do\u011fru itilir. Membranlara do\u011fru itilen ham suyun bir k\u0131sm\u0131 ,y\u00fcksek bas\u0131nc\u0131n etkisiyle yar\u0131 ge\u00e7irgen membran\u0131n kar\u015f\u0131 taraf\u0131na ge\u00e7erken ,besleme taraf\u0131nda kalan konsantre su membran y\u00fczeyini s\u00fcp\u00fcrerek [&hellip;]<\/p>\n","protected":false},"author":1,"featured_media":0,"parent":0,"menu_order":0,"comment_status":"closed","ping_status":"closed","template":"","meta":{"footnotes":""},"class_list":["post-749","page","type-page","status-publish","hentry"],"_links":{"self":[{"href":"https:\/\/sunset.com.tr\/index.php?rest_route=\/wp\/v2\/pages\/749","targetHints":{"allow":["GET"]}}],"collection":[{"href":"https:\/\/sunset.com.tr\/index.php?rest_route=\/wp\/v2\/pages"}],"about":[{"href":"https:\/\/sunset.com.tr\/index.php?rest_route=\/wp\/v2\/types\/page"}],"author":[{"embeddable":true,"href":"https:\/\/sunset.com.tr\/index.php?rest_route=\/wp\/v2\/users\/1"}],"replies":[{"embeddable":true,"href":"https:\/\/sunset.com.tr\/index.php?rest_route=%2Fwp%2Fv2%2Fcomments&post=749"}],"version-history":[{"count":5,"href":"https:\/\/sunset.com.tr\/index.php?rest_route=\/wp\/v2\/pages\/749\/revisions"}],"predecessor-version":[{"id":1389,"href":"https:\/\/sunset.com.tr\/index.php?rest_route=\/wp\/v2\/pages\/749\/revisions\/1389"}],"wp:attachment":[{"href":"https:\/\/sunset.com.tr\/index.php?rest_route=%2Fwp%2Fv2%2Fmedia&parent=749"}],"curies":[{"name":"wp","href":"https:\/\/api.w.org\/{rel}","templated":true}]}}