{"id":825,"date":"2022-08-10T14:43:19","date_gmt":"2022-08-10T11:43:19","guid":{"rendered":"https:\/\/sunset.com.tr\/?page_id=825"},"modified":"2022-08-15T14:55:05","modified_gmt":"2022-08-15T11:55:05","slug":"sunstore","status":"publish","type":"page","link":"https:\/\/sunset.com.tr\/?page_id=825","title":{"rendered":"SunStore"},"content":{"rendered":"\n<p><strong>Depolama ve Silo Sistemleri Otomasyonu<\/strong><\/p>\n\n\n<div class=\"wp-block-image\">\n<figure class=\"alignright size-full is-resized\"><img loading=\"lazy\" decoding=\"async\" src=\"https:\/\/sunset.com.tr\/wp-content\/uploads\/2022\/08\/image-24.png\" alt=\"\" class=\"wp-image-836\" width=\"356\" height=\"260\" srcset=\"https:\/\/sunset.com.tr\/wp-content\/uploads\/2022\/08\/image-24.png 729w, https:\/\/sunset.com.tr\/wp-content\/uploads\/2022\/08\/image-24-600x437.png 600w, https:\/\/sunset.com.tr\/wp-content\/uploads\/2022\/08\/image-24-300x219.png 300w\" sizes=\"auto, (max-width: 356px) 100vw, 356px\" \/><\/figure>\n<\/div>\n\n\n<p><strong><mark style=\"background-color:rgba(0, 0, 0, 0);color:#ffe988\" class=\"has-inline-color\">SUN<\/mark><mark style=\"background-color:rgba(0, 0, 0, 0);color:#22208b\" class=\"has-inline-color\">STORE <\/mark> <\/strong>Depolama ve Silo Sistemleri Otomasyonu tesislerin \u00fcrettikleri her \u00fcr\u00fcn\u00fc g\u00fcvenli ortamlarda saklayabilmesi, yerle\u015fim kolayl\u0131\u011f\u0131 sa\u011flamas\u0131, giri\u015f ve \u00e7\u0131k\u0131\u015f envanter bilgilerini sunmas\u0131 gibi \u00f6zellikleri ile \u00f6n plana \u00e7\u0131kmaktad\u0131r.<\/p>\n\n\n\n<p>Fabrika ve i\u015fletmelerde \u00fcretimin h\u0131z\u0131n\u0131 ve devaml\u0131l\u0131\u011f\u0131n\u0131 etkileyen en \u00f6nemli unsurlardan biride depolamakt\u0131r. Malzemelerin do\u011fru ve g\u00fcvenli depolama \u015fartlar\u0131na uygunlu\u011fu, depodaki\u00a0yerlerinin kolayca bulunmas\u0131, stok miktar\u0131, son durumlar\u0131, giri\u015f ve \u00e7\u0131k\u0131\u015f envanter bilgileri gibi verilerin kullan\u0131c\u0131 taraf\u0131ndan bilinmesi gereklili\u011fi otomatik kontroll\u00fc\u00a0 depolama sistemlerinin do\u011fmas\u0131ndaki en b\u00fcy\u00fck etkendir. Silo ve depolama sistemlerinin\u00a0ihtiya\u00e7 duyuldu\u011fu her fabrika ve i\u015fletme i\u00e7in mod\u00fcler yap\u0131da haz\u0131rlad\u0131\u011f\u0131m\u0131z sistemlerimiz mekanik yap\u0131, PLC kontrollu pano ve Scada takip program\u0131 ile t\u00fcmle\u015fik bir yap\u0131 i\u00e7erisindedir.<\/p>\n\n\n<div class=\"wp-block-image\">\n<figure class=\"alignright size-full is-resized\"><img loading=\"lazy\" decoding=\"async\" src=\"https:\/\/sunset.com.tr\/wp-content\/uploads\/2022\/08\/image-20.png\" alt=\"\" class=\"wp-image-831\" width=\"242\" height=\"284\" srcset=\"https:\/\/sunset.com.tr\/wp-content\/uploads\/2022\/08\/image-20.png 476w, https:\/\/sunset.com.tr\/wp-content\/uploads\/2022\/08\/image-20-255x300.png 255w\" sizes=\"auto, (max-width: 242px) 100vw, 242px\" \/><\/figure>\n<\/div>\n\n\n<p><strong>Sistem \u00d6zellikleri:<\/strong><\/p>\n\n\n\n<ul class=\"wp-block-list\"><li>Malzeme giri\u015f kontrol\u00fc<\/li><\/ul>\n\n\n\n<ul class=\"wp-block-list\"><li>Yerle\u015ftirme<\/li><li>Yer-birim de\u011fi\u015ftirme<\/li><li>Sevk Toplama \/ Haz\u0131rlama<\/li><li>\u00c7\u0131k\u0131\u015f \/ Sevkiyat<\/li><li>Stok \/ Envanter say\u0131m\u0131<\/li><li>\u0130ste\u011fe ba\u011fl\u0131 olarak RFID veya Barkodlu tasar\u0131m<\/li><li>Konvey\u00f6r bandalar veya helezon ile ta\u015f\u0131ma ve silolama<\/li><\/ul>\n\n\n\n<p>gibi \u00f6zellikleri ile anahtar teslim olarak tasarlanm\u0131\u015ft\u0131r.<\/p>\n\n\n\n<div class=\"wp-block-columns is-layout-flex wp-container-core-columns-is-layout-9d6595d7 wp-block-columns-is-layout-flex\">\n<div class=\"wp-block-column is-layout-flow wp-block-column-is-layout-flow\"><\/div>\n<\/div>\n\n\n\n<div class=\"wp-block-columns is-layout-flex wp-container-core-columns-is-layout-9d6595d7 wp-block-columns-is-layout-flex\">\n<div class=\"wp-block-column is-layout-flow wp-block-column-is-layout-flow\"><\/div>\n<\/div>\n","protected":false},"excerpt":{"rendered":"<p>Depolama ve Silo Sistemleri Otomasyonu SUNSTORE Depolama ve Silo Sistemleri Otomasyonu tesislerin \u00fcrettikleri her \u00fcr\u00fcn\u00fc g\u00fcvenli ortamlarda saklayabilmesi, yerle\u015fim kolayl\u0131\u011f\u0131 sa\u011flamas\u0131, giri\u015f ve \u00e7\u0131k\u0131\u015f envanter bilgilerini sunmas\u0131 gibi \u00f6zellikleri ile \u00f6n plana \u00e7\u0131kmaktad\u0131r. Fabrika ve i\u015fletmelerde \u00fcretimin h\u0131z\u0131n\u0131 ve devaml\u0131l\u0131\u011f\u0131n\u0131 etkileyen en \u00f6nemli unsurlardan biride depolamakt\u0131r. Malzemelerin do\u011fru ve g\u00fcvenli depolama \u015fartlar\u0131na uygunlu\u011fu, depodaki\u00a0yerlerinin kolayca [&hellip;]<\/p>\n","protected":false},"author":1,"featured_media":0,"parent":0,"menu_order":0,"comment_status":"closed","ping_status":"closed","template":"","meta":{"footnotes":""},"class_list":["post-825","page","type-page","status-publish","hentry"],"_links":{"self":[{"href":"https:\/\/sunset.com.tr\/index.php?rest_route=\/wp\/v2\/pages\/825","targetHints":{"allow":["GET"]}}],"collection":[{"href":"https:\/\/sunset.com.tr\/index.php?rest_route=\/wp\/v2\/pages"}],"about":[{"href":"https:\/\/sunset.com.tr\/index.php?rest_route=\/wp\/v2\/types\/page"}],"author":[{"embeddable":true,"href":"https:\/\/sunset.com.tr\/index.php?rest_route=\/wp\/v2\/users\/1"}],"replies":[{"embeddable":true,"href":"https:\/\/sunset.com.tr\/index.php?rest_route=%2Fwp%2Fv2%2Fcomments&post=825"}],"version-history":[{"count":15,"href":"https:\/\/sunset.com.tr\/index.php?rest_route=\/wp\/v2\/pages\/825\/revisions"}],"predecessor-version":[{"id":1399,"href":"https:\/\/sunset.com.tr\/index.php?rest_route=\/wp\/v2\/pages\/825\/revisions\/1399"}],"wp:attachment":[{"href":"https:\/\/sunset.com.tr\/index.php?rest_route=%2Fwp%2Fv2%2Fmedia&parent=825"}],"curies":[{"name":"wp","href":"https:\/\/api.w.org\/{rel}","templated":true}]}}